{"id":3617,"date":"2021-05-03T05:22:41","date_gmt":"2021-05-03T05:22:41","guid":{"rendered":"https:\/\/studio80.com.co\/?post_type=product&#038;p=3617"},"modified":"2026-04-01T00:18:44","modified_gmt":"2026-04-01T05:18:44","slug":"sesion-de-fotografia-15-anos","status":"publish","type":"product","link":"https:\/\/studio80.com.co\/?product=sesion-de-fotografia-15-anos","title":{"rendered":"VIP Sesi\u00f3n de Fotograf\u00eda &#8211; 15 A\u00f1os"},"content":{"rendered":"<p class=\"cvGsUA direction-ltr align-start para-style-body\"><span class=\"OYPEnA font-feature-liga-off font-feature-clig-off font-feature-calt-off text-decoration-none text-strikethrough-none\">$580.000 VIP Sesi\u00f3n<\/span><\/p>\n<p class=\"cvGsUA direction-ltr align-start para-style-body\"><span class=\"OYPEnA font-feature-liga-off font-feature-clig-off font-feature-calt-off text-decoration-none text-strikethrough-none\">&#8211; 1 Foto 30&#215;45 en cuadro Retablo<\/span><\/p>\n<p class=\"cvGsUA direction-ltr align-start para-style-body\"><span class=\"OYPEnA font-feature-liga-off font-feature-clig-off font-feature-calt-off text-decoration-none text-strikethrough-none\">&#8211; 7 Fotos 13&#215;20 impresas<\/span><\/p>\n<p class=\"cvGsUA direction-ltr align-start para-style-body\"><span class=\"OYPEnA font-feature-liga-off font-feature-clig-off font-feature-calt-off text-decoration-none text-strikethrough-none\">&#8211; Digital de las 8 fotos escogidas<\/span><\/p>\n<p class=\"cvGsUA direction-ltr align-start para-style-body\"><span class=\"OYPEnA font-feature-liga-off font-feature-clig-off font-feature-calt-off text-decoration-none text-strikethrough-none\">-Las fotograf\u00edas se entregan retocadas y editadas.<\/span><\/p>\n","protected":false},"excerpt":{"rendered":"<p>$580.000 VIP Sesi\u00f3n<\/p>\n<p>&#8211; 1 Foto 30&#215;45 en cuadro Retablo<\/p>\n<p>&#8211; 7 Fotos 13&#215;20 impresas<\/p>\n<p>&#8211; Digital de las 8 fotos escogidas<\/p>\n<p>-Las fotograf\u00edas se entregan<br \/>\nretocadas y editadas.<\/p>\n","protected":false},"featured_media":4562,"comment_status":"open","ping_status":"closed","template":"","meta":{"om_disable_all_campaigns":false,"_monsterinsights_skip_tracking":false,"_monsterinsights_sitenote_active":false,"_monsterinsights_sitenote_note":"","_monsterinsights_sitenote_category":0},"product_brand":[],"product_cat":[94,58,53],"product_tag":[],"class_list":{"0":"post-3617","1":"product","2":"type-product","3":"status-publish","4":"has-post-thumbnail","6":"product_cat-contenido_para_redes","7":"product_cat-cumpleanos_de_3_a_100_anos","8":"product_cat-social_y_perfil","10":"first","11":"instock","12":"shipping-taxable","13":"purchasable","14":"product-type-simple"},"yoast_head":"<!-- This site is optimized with the Yoast SEO plugin v27.3 - https:\/\/yoast.com\/product\/yoast-seo-wordpress\/ -->\n<title>VIP Sesi\u00f3n de Fotograf\u00eda - 15 A\u00f1os - Studio80<\/title>\n<meta name=\"description\" content=\"La sesi\u00f3n de fotos para Teens de 15 A\u00f1os, es un evento especial que celebra el paso a la adolescencia y el inicio de una nueva etapa en la vida. Este tipo de sesi\u00f3n se dise\u00f1a para capturar la elegancia, el estilo y la personalidad de la quincea\u00f1era, estas fotografias se hace en estudio o Locaci\u00f3n\" \/>\n<meta name=\"robots\" content=\"index, follow, max-snippet:-1, max-image-preview:large, max-video-preview:-1\" \/>\n<link rel=\"canonical\" href=\"https:\/\/studio80.com.co\/?product=sesion-de-fotografia-15-anos\" \/>\n<meta property=\"og:locale\" content=\"es_ES\" \/>\n<meta property=\"og:type\" content=\"article\" \/>\n<meta property=\"og:title\" content=\"VIP Sesi\u00f3n de Fotograf\u00eda - 15 A\u00f1os - Studio80\" \/>\n<meta property=\"og:description\" content=\"La sesi\u00f3n de fotos para Teens de 15 A\u00f1os, es un evento especial que celebra el paso a la adolescencia y el inicio de una nueva etapa en la vida. Este tipo de sesi\u00f3n se dise\u00f1a para capturar la elegancia, el estilo y la personalidad de la quincea\u00f1era, estas fotografias se hace en estudio o Locaci\u00f3n\" \/>\n<meta property=\"og:url\" content=\"https:\/\/studio80.com.co\/?product=sesion-de-fotografia-15-anos\" \/>\n<meta property=\"og:site_name\" content=\"Studio80\" \/>\n<meta property=\"article:publisher\" content=\"https:\/\/www.facebook.com\/Studio80Foto\" \/>\n<meta property=\"article:modified_time\" content=\"2026-04-01T05:18:44+00:00\" \/>\n<meta property=\"og:image\" content=\"http:\/\/studio80.com.co\/wp-content\/uploads\/2021\/05\/0A9A1710-Editar-Editar-Editar-scaled.jpg\" \/>\n\t<meta property=\"og:image:width\" content=\"2560\" \/>\n\t<meta property=\"og:image:height\" content=\"1707\" \/>\n\t<meta property=\"og:image:type\" content=\"image\/jpeg\" \/>\n<meta name=\"twitter:card\" content=\"summary_large_image\" \/>\n<script type=\"application\/ld+json\" class=\"yoast-schema-graph\">{\"@context\":\"https:\\\/\\\/schema.org\",\"@graph\":[{\"@type\":\"WebPage\",\"@id\":\"https:\\\/\\\/studio80.com.co\\\/?product=sesion-de-fotografia-15-anos\",\"url\":\"https:\\\/\\\/studio80.com.co\\\/?product=sesion-de-fotografia-15-anos\",\"name\":\"VIP Sesi\u00f3n de Fotograf\u00eda - 15 A\u00f1os - Studio80\",\"isPartOf\":{\"@id\":\"https:\\\/\\\/studio80.com.co\\\/#website\"},\"primaryImageOfPage\":{\"@id\":\"https:\\\/\\\/studio80.com.co\\\/?product=sesion-de-fotografia-15-anos#primaryimage\"},\"image\":{\"@id\":\"https:\\\/\\\/studio80.com.co\\\/?product=sesion-de-fotografia-15-anos#primaryimage\"},\"thumbnailUrl\":\"https:\\\/\\\/studio80.com.co\\\/wp-content\\\/uploads\\\/2021\\\/05\\\/0A9A1710-Editar-Editar-Editar-scaled.jpg\",\"datePublished\":\"2021-05-03T05:22:41+00:00\",\"dateModified\":\"2026-04-01T05:18:44+00:00\",\"description\":\"La sesi\u00f3n de fotos para Teens de 15 A\u00f1os, es un evento especial que celebra el paso a la adolescencia y el inicio de una nueva etapa en la vida. Este tipo de sesi\u00f3n se dise\u00f1a para capturar la elegancia, el estilo y la personalidad de la quincea\u00f1era, estas fotografias se hace en estudio o Locaci\u00f3n\",\"breadcrumb\":{\"@id\":\"https:\\\/\\\/studio80.com.co\\\/?product=sesion-de-fotografia-15-anos#breadcrumb\"},\"inLanguage\":\"es\",\"potentialAction\":[{\"@type\":\"ReadAction\",\"target\":[\"https:\\\/\\\/studio80.com.co\\\/?product=sesion-de-fotografia-15-anos\"]}]},{\"@type\":\"ImageObject\",\"inLanguage\":\"es\",\"@id\":\"https:\\\/\\\/studio80.com.co\\\/?product=sesion-de-fotografia-15-anos#primaryimage\",\"url\":\"https:\\\/\\\/studio80.com.co\\\/wp-content\\\/uploads\\\/2021\\\/05\\\/0A9A1710-Editar-Editar-Editar-scaled.jpg\",\"contentUrl\":\"https:\\\/\\\/studio80.com.co\\\/wp-content\\\/uploads\\\/2021\\\/05\\\/0A9A1710-Editar-Editar-Editar-scaled.jpg\",\"width\":2560,\"height\":1707},{\"@type\":\"BreadcrumbList\",\"@id\":\"https:\\\/\\\/studio80.com.co\\\/?product=sesion-de-fotografia-15-anos#breadcrumb\",\"itemListElement\":[{\"@type\":\"ListItem\",\"position\":1,\"name\":\"Home\",\"item\":\"https:\\\/\\\/studio80.com.co\\\/\"},{\"@type\":\"ListItem\",\"position\":2,\"name\":\"Tienda\",\"item\":\"https:\\\/\\\/studio80.com.co\\\/?page_id=5\"},{\"@type\":\"ListItem\",\"position\":3,\"name\":\"VIP Sesi\u00f3n de Fotograf\u00eda &#8211; 15 A\u00f1os\"}]},{\"@type\":\"WebSite\",\"@id\":\"https:\\\/\\\/studio80.com.co\\\/#website\",\"url\":\"https:\\\/\\\/studio80.com.co\\\/\",\"name\":\"Studio80\",\"description\":\"Studio 80 Fotograf\u00eda\",\"publisher\":{\"@id\":\"https:\\\/\\\/studio80.com.co\\\/#organization\"},\"potentialAction\":[{\"@type\":\"SearchAction\",\"target\":{\"@type\":\"EntryPoint\",\"urlTemplate\":\"https:\\\/\\\/studio80.com.co\\\/?s={search_term_string}\"},\"query-input\":{\"@type\":\"PropertyValueSpecification\",\"valueRequired\":true,\"valueName\":\"search_term_string\"}}],\"inLanguage\":\"es\"},{\"@type\":\"Organization\",\"@id\":\"https:\\\/\\\/studio80.com.co\\\/#organization\",\"name\":\"Studio80\",\"url\":\"https:\\\/\\\/studio80.com.co\\\/\",\"logo\":{\"@type\":\"ImageObject\",\"inLanguage\":\"es\",\"@id\":\"https:\\\/\\\/studio80.com.co\\\/#\\\/schema\\\/logo\\\/image\\\/\",\"url\":\"https:\\\/\\\/studio80.com.co\\\/wp-content\\\/uploads\\\/2022\\\/03\\\/cropped-favicon-Studio-80-logo_Mesa-de-trabajo-1-copia-4-copia.png\",\"contentUrl\":\"https:\\\/\\\/studio80.com.co\\\/wp-content\\\/uploads\\\/2022\\\/03\\\/cropped-favicon-Studio-80-logo_Mesa-de-trabajo-1-copia-4-copia.png\",\"width\":512,\"height\":512,\"caption\":\"Studio80\"},\"image\":{\"@id\":\"https:\\\/\\\/studio80.com.co\\\/#\\\/schema\\\/logo\\\/image\\\/\"},\"sameAs\":[\"https:\\\/\\\/www.facebook.com\\\/Studio80Foto\",\"https:\\\/\\\/www.instagram.com\\\/studio80fotografia\\\/\"]}]}<\/script>\n<!-- \/ Yoast SEO plugin. -->","yoast_head_json":{"title":"VIP Sesi\u00f3n de Fotograf\u00eda - 15 A\u00f1os - Studio80","description":"La sesi\u00f3n de fotos para Teens de 15 A\u00f1os, es un evento especial que celebra el paso a la adolescencia y el inicio de una nueva etapa en la vida. Este tipo de sesi\u00f3n se dise\u00f1a para capturar la elegancia, el estilo y la personalidad de la quincea\u00f1era, estas fotografias se hace en estudio o Locaci\u00f3n","robots":{"index":"index","follow":"follow","max-snippet":"max-snippet:-1","max-image-preview":"max-image-preview:large","max-video-preview":"max-video-preview:-1"},"canonical":"https:\/\/studio80.com.co\/?product=sesion-de-fotografia-15-anos","og_locale":"es_ES","og_type":"article","og_title":"VIP Sesi\u00f3n de Fotograf\u00eda - 15 A\u00f1os - Studio80","og_description":"La sesi\u00f3n de fotos para Teens de 15 A\u00f1os, es un evento especial que celebra el paso a la adolescencia y el inicio de una nueva etapa en la vida. Este tipo de sesi\u00f3n se dise\u00f1a para capturar la elegancia, el estilo y la personalidad de la quincea\u00f1era, estas fotografias se hace en estudio o Locaci\u00f3n","og_url":"https:\/\/studio80.com.co\/?product=sesion-de-fotografia-15-anos","og_site_name":"Studio80","article_publisher":"https:\/\/www.facebook.com\/Studio80Foto","article_modified_time":"2026-04-01T05:18:44+00:00","og_image":[{"width":2560,"height":1707,"url":"http:\/\/studio80.com.co\/wp-content\/uploads\/2021\/05\/0A9A1710-Editar-Editar-Editar-scaled.jpg","type":"image\/jpeg"}],"twitter_card":"summary_large_image","schema":{"@context":"https:\/\/schema.org","@graph":[{"@type":"WebPage","@id":"https:\/\/studio80.com.co\/?product=sesion-de-fotografia-15-anos","url":"https:\/\/studio80.com.co\/?product=sesion-de-fotografia-15-anos","name":"VIP Sesi\u00f3n de Fotograf\u00eda - 15 A\u00f1os - Studio80","isPartOf":{"@id":"https:\/\/studio80.com.co\/#website"},"primaryImageOfPage":{"@id":"https:\/\/studio80.com.co\/?product=sesion-de-fotografia-15-anos#primaryimage"},"image":{"@id":"https:\/\/studio80.com.co\/?product=sesion-de-fotografia-15-anos#primaryimage"},"thumbnailUrl":"https:\/\/studio80.com.co\/wp-content\/uploads\/2021\/05\/0A9A1710-Editar-Editar-Editar-scaled.jpg","datePublished":"2021-05-03T05:22:41+00:00","dateModified":"2026-04-01T05:18:44+00:00","description":"La sesi\u00f3n de fotos para Teens de 15 A\u00f1os, es un evento especial que celebra el paso a la adolescencia y el inicio de una nueva etapa en la vida. Este tipo de sesi\u00f3n se dise\u00f1a para capturar la elegancia, el estilo y la personalidad de la quincea\u00f1era, estas fotografias se hace en estudio o Locaci\u00f3n","breadcrumb":{"@id":"https:\/\/studio80.com.co\/?product=sesion-de-fotografia-15-anos#breadcrumb"},"inLanguage":"es","potentialAction":[{"@type":"ReadAction","target":["https:\/\/studio80.com.co\/?product=sesion-de-fotografia-15-anos"]}]},{"@type":"ImageObject","inLanguage":"es","@id":"https:\/\/studio80.com.co\/?product=sesion-de-fotografia-15-anos#primaryimage","url":"https:\/\/studio80.com.co\/wp-content\/uploads\/2021\/05\/0A9A1710-Editar-Editar-Editar-scaled.jpg","contentUrl":"https:\/\/studio80.com.co\/wp-content\/uploads\/2021\/05\/0A9A1710-Editar-Editar-Editar-scaled.jpg","width":2560,"height":1707},{"@type":"BreadcrumbList","@id":"https:\/\/studio80.com.co\/?product=sesion-de-fotografia-15-anos#breadcrumb","itemListElement":[{"@type":"ListItem","position":1,"name":"Home","item":"https:\/\/studio80.com.co\/"},{"@type":"ListItem","position":2,"name":"Tienda","item":"https:\/\/studio80.com.co\/?page_id=5"},{"@type":"ListItem","position":3,"name":"VIP Sesi\u00f3n de Fotograf\u00eda &#8211; 15 A\u00f1os"}]},{"@type":"WebSite","@id":"https:\/\/studio80.com.co\/#website","url":"https:\/\/studio80.com.co\/","name":"Studio80","description":"Studio 80 Fotograf\u00eda","publisher":{"@id":"https:\/\/studio80.com.co\/#organization"},"potentialAction":[{"@type":"SearchAction","target":{"@type":"EntryPoint","urlTemplate":"https:\/\/studio80.com.co\/?s={search_term_string}"},"query-input":{"@type":"PropertyValueSpecification","valueRequired":true,"valueName":"search_term_string"}}],"inLanguage":"es"},{"@type":"Organization","@id":"https:\/\/studio80.com.co\/#organization","name":"Studio80","url":"https:\/\/studio80.com.co\/","logo":{"@type":"ImageObject","inLanguage":"es","@id":"https:\/\/studio80.com.co\/#\/schema\/logo\/image\/","url":"https:\/\/studio80.com.co\/wp-content\/uploads\/2022\/03\/cropped-favicon-Studio-80-logo_Mesa-de-trabajo-1-copia-4-copia.png","contentUrl":"https:\/\/studio80.com.co\/wp-content\/uploads\/2022\/03\/cropped-favicon-Studio-80-logo_Mesa-de-trabajo-1-copia-4-copia.png","width":512,"height":512,"caption":"Studio80"},"image":{"@id":"https:\/\/studio80.com.co\/#\/schema\/logo\/image\/"},"sameAs":["https:\/\/www.facebook.com\/Studio80Foto","https:\/\/www.instagram.com\/studio80fotografia\/"]}]}},"_links":{"self":[{"href":"https:\/\/studio80.com.co\/index.php?rest_route=\/wp\/v2\/product\/3617","targetHints":{"allow":["GET"]}}],"collection":[{"href":"https:\/\/studio80.com.co\/index.php?rest_route=\/wp\/v2\/product"}],"about":[{"href":"https:\/\/studio80.com.co\/index.php?rest_route=\/wp\/v2\/types\/product"}],"replies":[{"embeddable":true,"href":"https:\/\/studio80.com.co\/index.php?rest_route=%2Fwp%2Fv2%2Fcomments&post=3617"}],"wp:featuredmedia":[{"embeddable":true,"href":"https:\/\/studio80.com.co\/index.php?rest_route=\/wp\/v2\/media\/4562"}],"wp:attachment":[{"href":"https:\/\/studio80.com.co\/index.php?rest_route=%2Fwp%2Fv2%2Fmedia&parent=3617"}],"wp:term":[{"taxonomy":"product_brand","embeddable":true,"href":"https:\/\/studio80.com.co\/index.php?rest_route=%2Fwp%2Fv2%2Fproduct_brand&post=3617"},{"taxonomy":"product_cat","embeddable":true,"href":"https:\/\/studio80.com.co\/index.php?rest_route=%2Fwp%2Fv2%2Fproduct_cat&post=3617"},{"taxonomy":"product_tag","embeddable":true,"href":"https:\/\/studio80.com.co\/index.php?rest_route=%2Fwp%2Fv2%2Fproduct_tag&post=3617"}],"curies":[{"name":"wp","href":"https:\/\/api.w.org\/{rel}","templated":true}]}}