{"id":3635,"date":"2021-05-03T20:49:34","date_gmt":"2021-05-03T20:49:34","guid":{"rendered":"https:\/\/studio80.com.co\/?page_id=3635"},"modified":"2022-03-21T18:55:59","modified_gmt":"2022-03-21T18:55:59","slug":"politicas-comerciales","status":"publish","type":"page","link":"https:\/\/studio80.com.co\/?page_id=3635","title":{"rendered":"Pol\u00edticas Comerciales"},"content":{"rendered":"\n\n\n\n\t<section class=\"section\" id=\"section_2082914482\">\n\t\t<div class=\"section-bg fill\" >\n\t\t\t\t\t\t\t\t\t\n\t\t\t\n\n\t\t<\/div>\n\n\t\t\n\n\t\t<div class=\"section-content relative\">\n\t\t\t\n\n<div class=\"row align-center\"  id=\"row-909778383\">\n\n\n\t<div id=\"col-320452289\" class=\"col medium-7 small-10 large-7\"  >\n\t\t\t\t<div class=\"col-inner text-center\"  >\n\t\t\t\n\t\t\t\n\n\t<div id=\"gap-1757976341\" class=\"gap-element clearfix\" style=\"display:block; height:auto;\">\n\t\t\n<style>\n#gap-1757976341 {\n  padding-top: 40px;\n}\n<\/style>\n\t<\/div>\n\t\n\n<h1><span style=\"font-size: 130%;\">Pol\u00edticas Comerciales<\/span><\/h1>\n<p><span style=\"font-size: 80%;\">Las actuales pol\u00edticas son de conocimiento p\u00fablico para nuestros clientes con el fin de dar a conocer los t\u00e9rminos y condiciones que queremos brindar para que las experiencias y servicios contratados sean del mayor agrado para todos.<\/span><\/p>\n<div class=\"is-divider divider clearfix\" style=\"max-width:60px;\"><\/div>\n\n\n\t\t<\/div>\n\t\t\t\t\t<\/div>\n\n\t\n\n<\/div>\n<div class=\"row align-center\"  id=\"row-1738349567\">\n\n\n\t<div id=\"col-140543114\" class=\"col medium-9 small-12 large-9\"  >\n\t\t\t\t<div class=\"col-inner\"  >\n\t\t\t\n\t\t\t\n\n<div class=\"row align-center\"  id=\"row-1930797399\">\n\n\n\t<div id=\"col-266495307\" class=\"col medium-6 small-10 large-6\"  >\n\t\t\t\t<div class=\"col-inner\"  >\n\t\t\t\n\t\t\t\n\n\n\t\t<div class=\"icon-box featured-box icon-box-left text-left\"  >\n\t\t\t\t\t<div class=\"icon-box-img has-icon-bg\" style=\"width: 60px\">\n\t\t\t\t<div class=\"icon\">\n\t\t\t\t\t<div class=\"icon-inner\" style=\"border-width:1px;color:rgb(160, 160, 160);\">\n\t\t\t\t\t\t<?xml version=\"1.0\" encoding=\"iso-8859-1\"?>\n<!-- Generator: Adobe Illustrator 19.1.0, SVG Export Plug-In . SVG Version: 6.00 Build 0)  -->\n<svg xmlns=\"http:\/\/www.w3.org\/2000\/svg\" xmlns:xlink=\"http:\/\/www.w3.org\/1999\/xlink\" version=\"1.1\" id=\"Capa_1\" x=\"0px\" y=\"0px\" viewBox=\"0 0 481.6 481.6\" style=\"enable-background:new 0 0 481.6 481.6;\" xml:space=\"preserve\" width=\"512px\" height=\"512px\">\n<g>\n\t<path d=\"M422.2,24.5H59.4C26.7,24.5,0,51.1,0,83.9V314c0,32.7,26.6,59.4,59.4,59.4h167.9v56.7h-83.7c-7.5,0-13.5,6-13.5,13.5   s6,13.5,13.5,13.5H338c7.5,0,13.5-6,13.5-13.5s-6-13.5-13.5-13.5h-83.7v-56.7h167.9c32.7,0,59.4-26.6,59.4-59.4V83.9   C481.6,51.1,455,24.5,422.2,24.5z M59.4,51.5h362.9c17.8,0,32.4,14.5,32.4,32.4v192.3H27V83.9C27,66,41.5,51.5,59.4,51.5z    M422.2,346.4H59.4C41.6,346.4,27,331.9,27,314v-10.8h427.6V314C454.6,331.8,440.1,346.4,422.2,346.4z\" fill=\"#FFFFFF\"\/>\n<\/g>\n<g>\n<\/g>\n<g>\n<\/g>\n<g>\n<\/g>\n<g>\n<\/g>\n<g>\n<\/g>\n<g>\n<\/g>\n<g>\n<\/g>\n<g>\n<\/g>\n<g>\n<\/g>\n<g>\n<\/g>\n<g>\n<\/g>\n<g>\n<\/g>\n<g>\n<\/g>\n<g>\n<\/g>\n<g>\n<\/g>\n<\/svg>\n\t\t\t\t\t<\/div>\n\t\t\t\t<\/div>\n\t\t\t<\/div>\n\t\t\t\t<div class=\"icon-box-text last-reset\">\n\t\t\t\t\t\t\t\t\t\n\n<h3><span style=\"font-size: 115%;\">Sucesi\u00f3n Visual<\/span><\/h3>\n<p>Por la adquisici\u00f3n de nuestros servicios, autoriza a Studio 80 Fotograf\u00eda a utilizar las fotograf\u00edas realizadas, para fines netamente publicitarios de la marca. (publicar en plataformas digitales).<\/p>\n\t<div id=\"gap-1371281831\" class=\"gap-element clearfix\" style=\"display:block; height:auto;\">\n\t\t\n<style>\n#gap-1371281831 {\n  padding-top: 22px;\n}\n<\/style>\n\t<\/div>\n\t\n\n\n\t\t<\/div>\n\t<\/div>\n\t\n\t\n\n\t\t<div class=\"icon-box featured-box icon-box-left text-left\"  >\n\t\t\t\t\t<div class=\"icon-box-img has-icon-bg\" style=\"width: 60px\">\n\t\t\t\t<div class=\"icon\">\n\t\t\t\t\t<div class=\"icon-inner\" style=\"border-width:1px;color:rgb(160, 160, 160);\">\n\t\t\t\t\t\t<?xml version=\"1.0\" encoding=\"iso-8859-1\"?>\r\n<!-- Generator: Adobe Illustrator 19.0.0, SVG Export Plug-In . SVG Version: 6.00 Build 0)  -->\r\n<svg version=\"1.1\" id=\"Capa_1\" xmlns=\"http:\/\/www.w3.org\/2000\/svg\" xmlns:xlink=\"http:\/\/www.w3.org\/1999\/xlink\" x=\"0px\" y=\"0px\"\r\n\t viewBox=\"0 0 58 58\" style=\"enable-background:new 0 0 58 58;\" xml:space=\"preserve\">\r\n<g>\r\n\t<path d=\"M54.319,37.839C54.762,35.918,55,33.96,55,32c0-9.095-4.631-17.377-12.389-22.153c-0.473-0.29-1.087-0.143-1.376,0.327\r\n\t\tc-0.29,0.471-0.143,1.086,0.327,1.376C48.724,15.96,53,23.604,53,32c0,1.726-0.2,3.451-0.573,5.147C51.966,37.051,51.489,37,51,37\r\n\t\tc-3.86,0-7,3.141-7,7s3.14,7,7,7s7-3.141,7-7C58,41.341,56.509,39.024,54.319,37.839z\"\/>\r\n\t<path d=\"M38.171,54.182C35.256,55.388,32.171,56,29,56c-6.385,0-12.527-2.575-17.017-7.092C13.229,47.643,14,45.911,14,44\r\n\t\tc0-3.859-3.14-7-7-7s-7,3.141-7,7s3.14,7,7,7c1.226,0,2.378-0.319,3.381-0.875C15.26,55.136,21.994,58,29,58\r\n\t\tc3.435,0,6.778-0.663,9.936-1.971c0.51-0.211,0.753-0.796,0.542-1.307C39.267,54.213,38.681,53.971,38.171,54.182z\"\/>\r\n\t<path d=\"M4,31.213c0.024,0.002,0.048,0.003,0.071,0.003c0.521,0,0.959-0.402,0.997-0.93c0.712-10.089,7.586-18.52,17.22-21.314\r\n\t\tC23.142,11.874,25.825,14,29,14c3.86,0,7-3.141,7-7s-3.14-7-7-7c-3.851,0-6.985,3.127-6.999,6.975\r\n\t\tC11.42,9.922,3.851,19.12,3.073,30.146C3.034,30.696,3.449,31.175,4,31.213z\"\/>\r\n<\/g>\r\n<g>\r\n<\/g>\r\n<g>\r\n<\/g>\r\n<g>\r\n<\/g>\r\n<g>\r\n<\/g>\r\n<g>\r\n<\/g>\r\n<g>\r\n<\/g>\r\n<g>\r\n<\/g>\r\n<g>\r\n<\/g>\r\n<g>\r\n<\/g>\r\n<g>\r\n<\/g>\r\n<g>\r\n<\/g>\r\n<g>\r\n<\/g>\r\n<g>\r\n<\/g>\r\n<g>\r\n<\/g>\r\n<g>\r\n<\/g>\r\n<\/svg>\r\n\t\t\t\t\t<\/div>\n\t\t\t\t<\/div>\n\t\t\t<\/div>\n\t\t\t\t<div class=\"icon-box-text last-reset\">\n\t\t\t\t\t\t\t\t\t\n\n\t<div id=\"text-1259393910\" class=\"text\">\n\t\t\n\n<h3><span style=\"font-size: 115%;\">Sesiones Agendadas<\/span><\/h3>\n<ul>\n<li>Para agendar tu cita y separar la fecha es importante realizar el abono del 30% de la sesi\u00f3n seleccionada el cual se tomar\u00e1 como parte de pago de la sesi\u00f3n fotogr\u00e1fica.<\/li>\n<li>Todos los abonos se toman como parte de pago del trabajo y no incurre a ning\u00fan tipo de devoluci\u00f3n en caso de ya haber realizado el trabajo o toma de fotograf\u00edas.<\/li>\n<li>En caso de no poder realizar la sesi\u00f3n fotogr\u00e1fica puedes reprogramar tu sesi\u00f3n m\u00e1ximo en 3 oportunidades en un t\u00e9rmino m\u00e1ximo de 3 meses.<\/li>\n<li>Cumplidas las tres fechas de re agentamiento \u00e9ste abono no ser\u00e1 reembolsable.<\/li>\n<li>Los planes de todas las sesiones fotogr\u00e1ficas del estudio son para m\u00e1ximo 5 integrantes, en caso de requerir el servicio para mas personas, se debe tener en cuenta que incurrir\u00e1 en un costo adicional.<\/li>\n<li>El reagendamiento o cancelaci\u00f3n debe hacerse m\u00e1ximo 48 horas antes, despu\u00e9s de ese tiempo deber\u00e1s asumir el valor de la torta para la nueva fecha. (el valor es de acuerdo a la torta seleccionada) Aplica para SmashCake.<\/li>\n<li>Despu\u00e9s de 30 d\u00edas de realizado el trabajo, no nos hacemos responsables. sin notificaci\u00f3n previa.<\/li>\n<\/ul>\n\t\t\n<style>\n#text-1259393910 {\n  font-size: 0.75rem;\n}\n<\/style>\n\t<\/div>\n\t\n\n\t\t<\/div>\n\t<\/div>\n\t\n\t\n\n\t\t<\/div>\n\t\t\t\t\n<style>\n#col-266495307 > .col-inner {\n  margin: 0px 0px 0px -10px;\n}\n<\/style>\n\t<\/div>\n\n\t\n\n\t<div id=\"col-1586254929\" class=\"col medium-6 small-11 large-6\"  >\n\t\t\t\t<div class=\"col-inner\"  >\n\t\t\t\n\t\t\t\n\n\n\t\t<div class=\"icon-box featured-box icon-box-left text-left\"  >\n\t\t\t\t\t<div class=\"icon-box-img has-icon-bg\" style=\"width: 60px\">\n\t\t\t\t<div class=\"icon\">\n\t\t\t\t\t<div class=\"icon-inner\" style=\"border-width:1px;color:rgb(160, 160, 160);\">\n\t\t\t\t\t\t<?xml version=\"1.0\" encoding=\"iso-8859-1\"?>\r\n<!-- Generator: Adobe Illustrator 18.0.0, SVG Export Plug-In . SVG Version: 6.00 Build 0)  -->\r\n<!DOCTYPE svg PUBLIC \"-\/\/W3C\/\/DTD SVG 1.1\/\/EN\" \"http:\/\/www.w3.org\/Graphics\/SVG\/1.1\/DTD\/svg11.dtd\">\r\n<svg version=\"1.1\" id=\"Capa_1\" xmlns=\"http:\/\/www.w3.org\/2000\/svg\" xmlns:xlink=\"http:\/\/www.w3.org\/1999\/xlink\" x=\"0px\" y=\"0px\"\r\n\t viewBox=\"0 0 324.998 324.998\" style=\"enable-background:new 0 0 324.998 324.998;\" xml:space=\"preserve\">\r\n<g>\r\n\t<path d=\"M162.5,113.997c-37.016,0-67.131,30.114-67.131,67.13c0,37.016,30.115,67.13,67.131,67.13\r\n\t\tc37.015,0,67.129-30.114,67.129-67.13C229.629,144.111,199.515,113.997,162.5,113.997z M162.5,236.257\r\n\t\tc-30.399,0-55.131-24.731-55.131-55.13c0-30.398,24.731-55.13,55.131-55.13c30.398,0,55.129,24.731,55.129,55.13\r\n\t\tC217.629,211.525,192.898,236.257,162.5,236.257z\"\/>\r\n\t<path d=\"M287.566,110.029h-35.564c-3.313,0-6,2.687-6,6v22.343c0,3.314,2.687,6,6,6h35.564c3.314,0,6-2.686,6-6v-22.343\r\n\t\tC293.566,112.716,290.88,110.029,287.566,110.029z M281.566,132.372h-23.564v-10.343h23.564V132.372z\"\/>\r\n\t<path d=\"M308.754,80.548h-82.347l-16.569-33.892c-1.007-2.059-3.099-3.364-5.391-3.364h-83.898c-2.292,0-4.384,1.306-5.391,3.365\r\n\t\tL98.591,80.548H16.242C7.286,80.548,0,87.647,0,96.374v169.507c0,8.727,7.286,15.826,16.242,15.826h292.512\r\n\t\tc8.957,0,16.244-7.1,16.244-15.826V96.374C324.998,87.647,317.711,80.548,308.754,80.548z M312.998,265.881\r\n\t\tc0,2.109-1.904,3.826-4.244,3.826H16.242c-2.339,0-4.242-1.717-4.242-3.826V96.374c0-2.109,1.903-3.826,4.242-3.826h86.094\r\n\t\tc2.292,0,4.384-1.306,5.391-3.365l16.567-33.892h76.408l16.569,33.893c1.007,2.059,3.099,3.364,5.391,3.364h86.092\r\n\t\tc2.34,0,4.244,1.717,4.244,3.826V265.881z\"\/>\r\n<\/g>\r\n<g>\r\n<\/g>\r\n<g>\r\n<\/g>\r\n<g>\r\n<\/g>\r\n<g>\r\n<\/g>\r\n<g>\r\n<\/g>\r\n<g>\r\n<\/g>\r\n<g>\r\n<\/g>\r\n<g>\r\n<\/g>\r\n<g>\r\n<\/g>\r\n<g>\r\n<\/g>\r\n<g>\r\n<\/g>\r\n<g>\r\n<\/g>\r\n<g>\r\n<\/g>\r\n<g>\r\n<\/g>\r\n<g>\r\n<\/g>\r\n<\/svg>\r\n\t\t\t\t\t<\/div>\n\t\t\t\t<\/div>\n\t\t\t<\/div>\n\t\t\t\t<div class=\"icon-box-text last-reset\">\n\t\t\t\t\t\t\t\t\t\n\n<h3><span style=\"font-size: 115%;\">Manejo de Fuentes<\/span><\/h3>\n<ul>\n<li>Studio 80 fotograf\u00eda no entrega archivos digitales, impresos ni trabajos parciales sin el pago total del trabajo realizado.<\/li>\n<li>No entrega trabajos a terceros sin autorizaci\u00f3n previa y escrita de la persona titular de la compra.<\/li>\n<\/ul>\n\t<div id=\"gap-257669301\" class=\"gap-element clearfix\" style=\"display:block; height:auto;\">\n\t\t\n<style>\n#gap-257669301 {\n  padding-top: 22px;\n}\n<\/style>\n\t<\/div>\n\t\n\n\n\t\t<\/div>\n\t<\/div>\n\t\n\t\n\n\t\t<div class=\"icon-box featured-box icon-box-left text-left\"  >\n\t\t\t\t\t<div class=\"icon-box-img has-icon-bg\" style=\"width: 60px\">\n\t\t\t\t<div class=\"icon\">\n\t\t\t\t\t<div class=\"icon-inner\" style=\"border-width:1px;color:rgb(160, 160, 160);\">\n\t\t\t\t\t\t<?xml version=\"1.0\" encoding=\"iso-8859-1\"?>\n<!-- Generator: Adobe Illustrator 19.1.0, SVG Export Plug-In . SVG Version: 6.00 Build 0)  -->\n<svg xmlns=\"http:\/\/www.w3.org\/2000\/svg\" xmlns:xlink=\"http:\/\/www.w3.org\/1999\/xlink\" version=\"1.1\" id=\"Capa_1\" x=\"0px\" y=\"0px\" viewBox=\"0 0 478.703 478.703\" style=\"enable-background:new 0 0 478.703 478.703;\" xml:space=\"preserve\" width=\"512px\" height=\"512px\">\n<g>\n\t<g>\n\t\t<path d=\"M454.2,189.101l-33.6-5.7c-3.5-11.3-8-22.2-13.5-32.6l19.8-27.7c8.4-11.8,7.1-27.9-3.2-38.1l-29.8-29.8    c-5.6-5.6-13-8.7-20.9-8.7c-6.2,0-12.1,1.9-17.1,5.5l-27.8,19.8c-10.8-5.7-22.1-10.4-33.8-13.9l-5.6-33.2    c-2.4-14.3-14.7-24.7-29.2-24.7h-42.1c-14.5,0-26.8,10.4-29.2,24.7l-5.8,34c-11.2,3.5-22.1,8.1-32.5,13.7l-27.5-19.8    c-5-3.6-11-5.5-17.2-5.5c-7.9,0-15.4,3.1-20.9,8.7l-29.9,29.8c-10.2,10.2-11.6,26.3-3.2,38.1l20,28.1    c-5.5,10.5-9.9,21.4-13.3,32.7l-33.2,5.6c-14.3,2.4-24.7,14.7-24.7,29.2v42.1c0,14.5,10.4,26.8,24.7,29.2l34,5.8    c3.5,11.2,8.1,22.1,13.7,32.5l-19.7,27.4c-8.4,11.8-7.1,27.9,3.2,38.1l29.8,29.8c5.6,5.6,13,8.7,20.9,8.7c6.2,0,12.1-1.9,17.1-5.5    l28.1-20c10.1,5.3,20.7,9.6,31.6,13l5.6,33.6c2.4,14.3,14.7,24.7,29.2,24.7h42.2c14.5,0,26.8-10.4,29.2-24.7l5.7-33.6    c11.3-3.5,22.2-8,32.6-13.5l27.7,19.8c5,3.6,11,5.5,17.2,5.5l0,0c7.9,0,15.3-3.1,20.9-8.7l29.8-29.8c10.2-10.2,11.6-26.3,3.2-38.1    l-19.8-27.8c5.5-10.5,10.1-21.4,13.5-32.6l33.6-5.6c14.3-2.4,24.7-14.7,24.7-29.2v-42.1    C478.9,203.801,468.5,191.501,454.2,189.101z M451.9,260.401c0,1.3-0.9,2.4-2.2,2.6l-42,7c-5.3,0.9-9.5,4.8-10.8,9.9    c-3.8,14.7-9.6,28.8-17.4,41.9c-2.7,4.6-2.5,10.3,0.6,14.7l24.7,34.8c0.7,1,0.6,2.5-0.3,3.4l-29.8,29.8c-0.7,0.7-1.4,0.8-1.9,0.8    c-0.6,0-1.1-0.2-1.5-0.5l-34.7-24.7c-4.3-3.1-10.1-3.3-14.7-0.6c-13.1,7.8-27.2,13.6-41.9,17.4c-5.2,1.3-9.1,5.6-9.9,10.8l-7.1,42    c-0.2,1.3-1.3,2.2-2.6,2.2h-42.1c-1.3,0-2.4-0.9-2.6-2.2l-7-42c-0.9-5.3-4.8-9.5-9.9-10.8c-14.3-3.7-28.1-9.4-41-16.8    c-2.1-1.2-4.5-1.8-6.8-1.8c-2.7,0-5.5,0.8-7.8,2.5l-35,24.9c-0.5,0.3-1,0.5-1.5,0.5c-0.4,0-1.2-0.1-1.9-0.8l-29.8-29.8    c-0.9-0.9-1-2.3-0.3-3.4l24.6-34.5c3.1-4.4,3.3-10.2,0.6-14.8c-7.8-13-13.8-27.1-17.6-41.8c-1.4-5.1-5.6-9-10.8-9.9l-42.3-7.2    c-1.3-0.2-2.2-1.3-2.2-2.6v-42.1c0-1.3,0.9-2.4,2.2-2.6l41.7-7c5.3-0.9,9.6-4.8,10.9-10c3.7-14.7,9.4-28.9,17.1-42    c2.7-4.6,2.4-10.3-0.7-14.6l-24.9-35c-0.7-1-0.6-2.5,0.3-3.4l29.8-29.8c0.7-0.7,1.4-0.8,1.9-0.8c0.6,0,1.1,0.2,1.5,0.5l34.5,24.6    c4.4,3.1,10.2,3.3,14.8,0.6c13-7.8,27.1-13.8,41.8-17.6c5.1-1.4,9-5.6,9.9-10.8l7.2-42.3c0.2-1.3,1.3-2.2,2.6-2.2h42.1    c1.3,0,2.4,0.9,2.6,2.2l7,41.7c0.9,5.3,4.8,9.6,10,10.9c15.1,3.8,29.5,9.7,42.9,17.6c4.6,2.7,10.3,2.5,14.7-0.6l34.5-24.8    c0.5-0.3,1-0.5,1.5-0.5c0.4,0,1.2,0.1,1.9,0.8l29.8,29.8c0.9,0.9,1,2.3,0.3,3.4l-24.7,34.7c-3.1,4.3-3.3,10.1-0.6,14.7    c7.8,13.1,13.6,27.2,17.4,41.9c1.3,5.2,5.6,9.1,10.8,9.9l42,7.1c1.3,0.2,2.2,1.3,2.2,2.6v42.1H451.9z\" fill=\"#FFFFFF\"\/>\n\t\t<path d=\"M239.4,136.001c-57,0-103.3,46.3-103.3,103.3s46.3,103.3,103.3,103.3s103.3-46.3,103.3-103.3S296.4,136.001,239.4,136.001    z M239.4,315.601c-42.1,0-76.3-34.2-76.3-76.3s34.2-76.3,76.3-76.3s76.3,34.2,76.3,76.3S281.5,315.601,239.4,315.601z\" fill=\"#FFFFFF\"\/>\n\t<\/g>\n<\/g>\n<g>\n<\/g>\n<g>\n<\/g>\n<g>\n<\/g>\n<g>\n<\/g>\n<g>\n<\/g>\n<g>\n<\/g>\n<g>\n<\/g>\n<g>\n<\/g>\n<g>\n<\/g>\n<g>\n<\/g>\n<g>\n<\/g>\n<g>\n<\/g>\n<g>\n<\/g>\n<g>\n<\/g>\n<g>\n<\/g>\n<\/svg>\n\t\t\t\t\t<\/div>\n\t\t\t\t<\/div>\n\t\t\t<\/div>\n\t\t\t\t<div class=\"icon-box-text last-reset\">\n\t\t\t\t\t\t\t\t\t\n\n\t<div id=\"text-3853422619\" class=\"text\">\n\t\t\n\n<h3><span style=\"font-size: 115%;\">Pre Producci\u00f3n y Uso de Espacios<\/span><\/h3>\n<ul>\n<li>&nbsp;Es prohibido el consumo de alimentos, bebidas y cigarrillos dentro del estudio fotogr\u00e1fico.<\/li>\n<li>El comportamiento del usuario dentro del estudio fotogr\u00e1fico, deber\u00e1 ser de orden y respeto.<\/li>\n<li>La utilizaci\u00f3n del o los materiales y accesorios del estudio debe ser de manera adecuada.<\/li>\n<li>Si el usuario requiere hacer movimiento del equipo y\/o utiler\u00eda dentro del estudio fotogr\u00e1fico, deber\u00e1 avisar al asistente quien se encargara de la colaboraci\u00f3n para realizar la acci\u00f3n de manera correcta.<\/li>\n<li>Cualquier da\u00f1o de alguno de los materiales o elementos del estudio fotogr\u00e1fico, producida durante el uso del mismo, corre por cuenta exclusiva del usuario, quien se hace responsable de los costos de reparaci\u00f3n o reemplazo de lo da\u00f1ado.<\/li>\n<\/ul>\n\t\t\n<style>\n#text-3853422619 {\n  font-size: 0.75rem;\n}\n<\/style>\n\t<\/div>\n\t\n\n\t\t<\/div>\n\t<\/div>\n\t\n\t\n\n\t\t<\/div>\n\t\t\t\t\n<style>\n#col-1586254929 > .col-inner {\n  margin: 0px 0px 0px 10px;\n}\n<\/style>\n\t<\/div>\n\n\t\n\n<\/div>\n\n\t\t<\/div>\n\t\t\t\t\t<\/div>\n\n\t\n\n<\/div>\n\n\t\t<\/div>\n\n\t\t\n<style>\n#section_2082914482 {\n  padding-top: 30px;\n  padding-bottom: 30px;\n}\n<\/style>\n\t<\/section>\n\t\n","protected":false},"excerpt":{"rendered":"","protected":false},"author":1,"featured_media":0,"parent":0,"menu_order":0,"comment_status":"closed","ping_status":"closed","template":"","meta":{"om_disable_all_campaigns":false,"_monsterinsights_skip_tracking":false,"_monsterinsights_sitenote_active":false,"_monsterinsights_sitenote_note":"","_monsterinsights_sitenote_category":0,"footnotes":""},"class_list":["post-3635","page","type-page","status-publish","hentry"],"yoast_head":"<!-- This site is optimized with the Yoast SEO plugin v27.3 - https:\/\/yoast.com\/product\/yoast-seo-wordpress\/ -->\n<title>Pol\u00edticas Comerciales - Studio80<\/title>\n<meta name=\"robots\" content=\"index, follow, max-snippet:-1, max-image-preview:large, max-video-preview:-1\" \/>\n<link rel=\"canonical\" href=\"https:\/\/studio80.com.co\/?page_id=3635\" \/>\n<meta property=\"og:locale\" content=\"es_ES\" \/>\n<meta property=\"og:type\" content=\"article\" \/>\n<meta property=\"og:title\" content=\"Pol\u00edticas Comerciales - Studio80\" \/>\n<meta property=\"og:url\" content=\"https:\/\/studio80.com.co\/?page_id=3635\" \/>\n<meta property=\"og:site_name\" content=\"Studio80\" \/>\n<meta property=\"article:publisher\" content=\"https:\/\/www.facebook.com\/Studio80Foto\" \/>\n<meta property=\"article:modified_time\" content=\"2022-03-21T18:55:59+00:00\" \/>\n<meta name=\"twitter:card\" content=\"summary_large_image\" \/>\n<meta name=\"twitter:label1\" content=\"Tiempo de lectura\" \/>\n\t<meta name=\"twitter:data1\" content=\"3 minutos\" \/>\n<script type=\"application\/ld+json\" class=\"yoast-schema-graph\">{\"@context\":\"https:\\\/\\\/schema.org\",\"@graph\":[{\"@type\":\"WebPage\",\"@id\":\"https:\\\/\\\/studio80.com.co\\\/?page_id=3635\",\"url\":\"https:\\\/\\\/studio80.com.co\\\/?page_id=3635\",\"name\":\"Pol\u00edticas Comerciales - Studio80\",\"isPartOf\":{\"@id\":\"https:\\\/\\\/studio80.com.co\\\/#website\"},\"datePublished\":\"2021-05-03T20:49:34+00:00\",\"dateModified\":\"2022-03-21T18:55:59+00:00\",\"breadcrumb\":{\"@id\":\"https:\\\/\\\/studio80.com.co\\\/?page_id=3635#breadcrumb\"},\"inLanguage\":\"es\",\"potentialAction\":[{\"@type\":\"ReadAction\",\"target\":[\"https:\\\/\\\/studio80.com.co\\\/?page_id=3635\"]}]},{\"@type\":\"BreadcrumbList\",\"@id\":\"https:\\\/\\\/studio80.com.co\\\/?page_id=3635#breadcrumb\",\"itemListElement\":[{\"@type\":\"ListItem\",\"position\":1,\"name\":\"Home\",\"item\":\"https:\\\/\\\/studio80.com.co\\\/\"},{\"@type\":\"ListItem\",\"position\":2,\"name\":\"Pol\u00edticas Comerciales\"}]},{\"@type\":\"WebSite\",\"@id\":\"https:\\\/\\\/studio80.com.co\\\/#website\",\"url\":\"https:\\\/\\\/studio80.com.co\\\/\",\"name\":\"Studio80\",\"description\":\"Studio 80 Fotograf\u00eda\",\"publisher\":{\"@id\":\"https:\\\/\\\/studio80.com.co\\\/#organization\"},\"potentialAction\":[{\"@type\":\"SearchAction\",\"target\":{\"@type\":\"EntryPoint\",\"urlTemplate\":\"https:\\\/\\\/studio80.com.co\\\/?s={search_term_string}\"},\"query-input\":{\"@type\":\"PropertyValueSpecification\",\"valueRequired\":true,\"valueName\":\"search_term_string\"}}],\"inLanguage\":\"es\"},{\"@type\":\"Organization\",\"@id\":\"https:\\\/\\\/studio80.com.co\\\/#organization\",\"name\":\"Studio80\",\"url\":\"https:\\\/\\\/studio80.com.co\\\/\",\"logo\":{\"@type\":\"ImageObject\",\"inLanguage\":\"es\",\"@id\":\"https:\\\/\\\/studio80.com.co\\\/#\\\/schema\\\/logo\\\/image\\\/\",\"url\":\"https:\\\/\\\/studio80.com.co\\\/wp-content\\\/uploads\\\/2022\\\/03\\\/cropped-favicon-Studio-80-logo_Mesa-de-trabajo-1-copia-4-copia.png\",\"contentUrl\":\"https:\\\/\\\/studio80.com.co\\\/wp-content\\\/uploads\\\/2022\\\/03\\\/cropped-favicon-Studio-80-logo_Mesa-de-trabajo-1-copia-4-copia.png\",\"width\":512,\"height\":512,\"caption\":\"Studio80\"},\"image\":{\"@id\":\"https:\\\/\\\/studio80.com.co\\\/#\\\/schema\\\/logo\\\/image\\\/\"},\"sameAs\":[\"https:\\\/\\\/www.facebook.com\\\/Studio80Foto\",\"https:\\\/\\\/www.instagram.com\\\/studio80fotografia\\\/\"]}]}<\/script>\n<!-- \/ Yoast SEO plugin. -->","yoast_head_json":{"title":"Pol\u00edticas Comerciales - Studio80","robots":{"index":"index","follow":"follow","max-snippet":"max-snippet:-1","max-image-preview":"max-image-preview:large","max-video-preview":"max-video-preview:-1"},"canonical":"https:\/\/studio80.com.co\/?page_id=3635","og_locale":"es_ES","og_type":"article","og_title":"Pol\u00edticas Comerciales - Studio80","og_url":"https:\/\/studio80.com.co\/?page_id=3635","og_site_name":"Studio80","article_publisher":"https:\/\/www.facebook.com\/Studio80Foto","article_modified_time":"2022-03-21T18:55:59+00:00","twitter_card":"summary_large_image","twitter_misc":{"Tiempo de lectura":"3 minutos"},"schema":{"@context":"https:\/\/schema.org","@graph":[{"@type":"WebPage","@id":"https:\/\/studio80.com.co\/?page_id=3635","url":"https:\/\/studio80.com.co\/?page_id=3635","name":"Pol\u00edticas Comerciales - Studio80","isPartOf":{"@id":"https:\/\/studio80.com.co\/#website"},"datePublished":"2021-05-03T20:49:34+00:00","dateModified":"2022-03-21T18:55:59+00:00","breadcrumb":{"@id":"https:\/\/studio80.com.co\/?page_id=3635#breadcrumb"},"inLanguage":"es","potentialAction":[{"@type":"ReadAction","target":["https:\/\/studio80.com.co\/?page_id=3635"]}]},{"@type":"BreadcrumbList","@id":"https:\/\/studio80.com.co\/?page_id=3635#breadcrumb","itemListElement":[{"@type":"ListItem","position":1,"name":"Home","item":"https:\/\/studio80.com.co\/"},{"@type":"ListItem","position":2,"name":"Pol\u00edticas Comerciales"}]},{"@type":"WebSite","@id":"https:\/\/studio80.com.co\/#website","url":"https:\/\/studio80.com.co\/","name":"Studio80","description":"Studio 80 Fotograf\u00eda","publisher":{"@id":"https:\/\/studio80.com.co\/#organization"},"potentialAction":[{"@type":"SearchAction","target":{"@type":"EntryPoint","urlTemplate":"https:\/\/studio80.com.co\/?s={search_term_string}"},"query-input":{"@type":"PropertyValueSpecification","valueRequired":true,"valueName":"search_term_string"}}],"inLanguage":"es"},{"@type":"Organization","@id":"https:\/\/studio80.com.co\/#organization","name":"Studio80","url":"https:\/\/studio80.com.co\/","logo":{"@type":"ImageObject","inLanguage":"es","@id":"https:\/\/studio80.com.co\/#\/schema\/logo\/image\/","url":"https:\/\/studio80.com.co\/wp-content\/uploads\/2022\/03\/cropped-favicon-Studio-80-logo_Mesa-de-trabajo-1-copia-4-copia.png","contentUrl":"https:\/\/studio80.com.co\/wp-content\/uploads\/2022\/03\/cropped-favicon-Studio-80-logo_Mesa-de-trabajo-1-copia-4-copia.png","width":512,"height":512,"caption":"Studio80"},"image":{"@id":"https:\/\/studio80.com.co\/#\/schema\/logo\/image\/"},"sameAs":["https:\/\/www.facebook.com\/Studio80Foto","https:\/\/www.instagram.com\/studio80fotografia\/"]}]}},"_links":{"self":[{"href":"https:\/\/studio80.com.co\/index.php?rest_route=\/wp\/v2\/pages\/3635","targetHints":{"allow":["GET"]}}],"collection":[{"href":"https:\/\/studio80.com.co\/index.php?rest_route=\/wp\/v2\/pages"}],"about":[{"href":"https:\/\/studio80.com.co\/index.php?rest_route=\/wp\/v2\/types\/page"}],"author":[{"embeddable":true,"href":"https:\/\/studio80.com.co\/index.php?rest_route=\/wp\/v2\/users\/1"}],"replies":[{"embeddable":true,"href":"https:\/\/studio80.com.co\/index.php?rest_route=%2Fwp%2Fv2%2Fcomments&post=3635"}],"version-history":[{"count":3,"href":"https:\/\/studio80.com.co\/index.php?rest_route=\/wp\/v2\/pages\/3635\/revisions"}],"predecessor-version":[{"id":3642,"href":"https:\/\/studio80.com.co\/index.php?rest_route=\/wp\/v2\/pages\/3635\/revisions\/3642"}],"wp:attachment":[{"href":"https:\/\/studio80.com.co\/index.php?rest_route=%2Fwp%2Fv2%2Fmedia&parent=3635"}],"curies":[{"name":"wp","href":"https:\/\/api.w.org\/{rel}","templated":true}]}}